 6*p**2 - 9*p - 9. Let f be r(-7). Suppose -f*j + 6 + 14 = 0. Let b = 7 - j. Let c(x) = x**3 - 4*x**2 + 5*x - 4. Give c(b).
2
Let o be 10/(-2)*2/(-5). Suppose 4*i - 3*k = 17 + 3, -4*i + 12 = -k. Let t(m) = -4*m - i*m + 0 + 1 - m**o. Give t(-5).
6
Let t be 1/((-4)/10)*-2. Let m(q) = -4*q**2 + 5*q - 3. Let o(u) = 3*u**2 - 6*u + 3. Let n(d) = -2*m(d) - 3*o(d). Calculate n(t).
12
Let t(b) = b**2 + 11*b - 2*b**2 + 0*b + 6 - 4*b. Let q be t(7). Let r(p) = -p + 3. Give r(q).
-3
Let p(l) = -24*l**3 + 10*l**3 + 13*l**3 - 10 - l**2 - 4. Calculate p(0).
-14
Let b(r) = r + 3. Let i = -24 + 56. Suppose 0 = -4*n - 5*u - 37, -2*n + 6*n + 4*u = -i. What is b(n)?
0
Let h(n) = n + 1. Suppose -2*t = -2 - 4. Give h(t).
4
Let c(k) = -3*k**2 + 4*k - 3. Let j(u) = 7*u**2 - 9*u + 7. Let l(m) = -5*c(m) - 2*j(m). What is l(-3)?
16
Let s(y) = y**2 + 10 + 4*y - 30 + 11 + 11. Give s(-3).
-1
Let o = -8 - -11. Suppose -2*i + 18 = -4*h - 8, 0 = -o*i - 4*h - 1. Suppose -4*j = j - i. Let w(c) = -3*c**2 + 2*c - 1. Give w(j).
-2
Let m(a) be the third derivative of -5/6*a**3 + 0 - a**2 - 1/24*a**4 + 0*a. Calculate m(0).
-5
Let f(g) = -g - 9. Let m be f(-4). Let z(h) be the second derivative of h + 1/2*h**4 + 0 + 1/2*h**2 + 1/20*h**5 + h**3. Calculate z(m).
-4
Let y(i) = i - 4. Let m be 0/(6/(4/2)). What is y(m)?
-4
Suppose -45 = -5*c - 15. Let x(o) = -o**2 + 7*o - 1. Give x(c).
5
Let p(w) = w**3 + 5*w**2 - 6*w. Let s(a) = -a**3 - 2*a**2 + 3*a + 1. Let t be s(-4). Suppose -3*k + 7*j = 4*j + 15, -4*k - t = -3*j. Calculate p(k).
0
Let g(y) = -y + 1. Let o(x) = -x + 5. Let w(v) = 2*g(v) - o(v). Calculate w(-3).
0
Suppose 2*a = -3*h - 17, -3*h = -5*h + 5*a - 24. Let f(y) = -2*y - 8. Let l be f(h). Let z(t) = -t - 9 + 3*t - t + 0*t. Determine z(l).
-3
Let j = 2 - 7. Let o be 0 - (0 + 0)/(-2). Let d(s) = -s**3 + o + 1 - 4*s**2 - 3 + 4*s. Give d(j).
3
Let f(i) = -i. Suppose -2*u = -3*u. Suppose -j - 3*j = u. Determine f(j).
0
Let m(p) = -11*p**3 - 4*p**2 - p - 2. Let b be m(-1). Let c(i) be the first derivative of i**3/3 - 3*i**2 + 7*i - 1. Determine c(b).
7
Let i(c) be the third derivative of -c**4/12 + c**3 + 2*c**2 - 97*c. Let a = -8 + 4. Let s be (-6)/a*(-8)/(-3). Calculate i(s).
-2
Let p(o) = -o**3 + 5*o**2 - 4*o + 4. Let z be p(4). Suppose -z*f = -5*f + 4. Let c = f - 2. Let j(r) = r**2 + r. What is j(c)?
6
Suppose w = -3*v + 23, v - 2*w = 6*v - 37. Suppose -a = 3 - v. Let c(y) = -a + 6 - 2*y. Calculate c(-3).
6
Let g(q) = q**2 + q - 1. Let o(l) = -6*l**2 - 10*l + 10. Let f be ((-6)/(-24))/((-1)/(-4)). Let b(r) = f*o(r) + 5*g(r). What is b(-5)?
5
Suppose -m = 2*m - 5*w - 25, 2*m = -5*w. Let a(k) = -k**2 + 8*k + 2. Give a(m).
17
Let u(x) = x**3. Suppose b = g - 4, g + 7*b + 11 = 3*b. Let f be 4/(-3)*3/g. Let d be (2/f + 1)*0. Determine u(d).
0
Let f(q) be the second derivative of q**4/12 - q**3/6 + q**2 + 13*q. What is f(3)?
8
Suppose -2*p - 8 = 0, 2*m + 11 = m - 2*p. Let z(h) = -4*h**2 - 4*h + 1. Let l(r) = 0 + 1 - 5*r**2 + 0*r**2 - 5*r. Let j(o) = m*z(o) + 2*l(o). Calculate j(-2).
3
Let s(i) = -1 - 4*i**2 - 2 - 2*i + 5 + 5*i**2. Let t = -4 - -7. Give s(t).
5
Let n be 2/2 + 2/2. Let w(z) = 2 - 7 + 6*z + 0*z**2 - z**n. Let f be (0 - 15)/(-2 - 1). Give w(f).
0
Let b(a) = 2*a + 3*a**2 + 2*a + a - 2*a + 1. What is b(-2)?
7
Let c(q) = -q**3 + 3*q**2 + q + 4. Let s be (1*-1)/(-2 - (-49)/28). What is c(s)?
-8
Let d(c) = 10*c**3. Suppose j + 4*j = 70. Let z = -10 + j. Suppose r + z*r + 5 = 0. What is d(r)?
-10
Let p(w) be the third derivative of w**6/120 - w**5/60 + 7*w**3/6 - 10*w**2. Give p(0).
7
Let i(t) = -t - 2. Suppose 2*g - g = -5*j + 1, -14 = 4*g + 2*j. Calculate i(g).
2
Let u(l) = -3*l - 7. Let n be u(-3). Suppose 0 = -q + 2*b - 3, 3*q = -n*q + 4*b + 9. Let t(p) = p**3 - 4*p**2 - 8*p + 6. Calculate t(q).
-9
Let x(q) = -q**3 + 8*q**2 - 4*q - 9. Let l = -99 - -106. What is x(l)?
12
Suppose -4*n + 9 = -p - 14, -4*p - 2 = 2*n. Let c(s) = s**2 - 7*s + 5. Give c(n).
-5
Let z(x) = -4*x - 4*x + 11*x + 3*x**2 - 2 + x**2. Calculate z(2).
20
Let v(g) = 3*g + 21. Let z be v(-7). Let l(b) be the first derivative of b**2/2 + 5*b + 1. What is l(z)?
5
Let f(u) = u + 4. Suppose 4*i = -0*i + 64. Let w = -8 + i. Let r be (w/(-5))/(4/(-10)). What is f(r)?
8
Let b(z) be the third derivative of z**5/20 + z**4/8 - z**2 - 10*z. Give b(-2).
6
Let r(u) = -3 - u - 3 + 4 + 4. Suppose 0 = -b + 3 + 3. Suppose -3*y = -b*y + 12. Determine r(y).
-2
Suppose 9*d = 4*d. Suppose o - 1 + d = 0. Suppose 2*z = -2*a, 3*z - 2*a - 4 = o. Let n(c) = 3*c**2 + 2*c - 1. Give n(z).
4
Let u(t) = -7*t + 1. Suppose 0 = g - 3 - 3. Let s(d) = -6*d + 1. Let c(n) = g*s(n) - 5*u(n). Give c(1).
0
Let x(q) = -q**2 + 3*q - 3. Suppose 2*o = 4*h + 14, 39 - 13 = 5*o - h. Suppose -2*g + 4*f + 7 = 1, -4*f + 29 = o*g. Give x(g).
-13
Let m = 36 + -35. Let o(s) = 25*s**2 - s. Give o(m).
24
Let l(j) be the second derivative of j**4/24 - j**3 - j**2 - 2*j. Let x(h) be the first derivative of l(h). Calculate x(5).
-1
Suppose -8 = -f - 3*f. Let a(u) = -3*u**3. Let j be a(-1). Let n(p) = -j*p**2 - 3*p - 4 + 7 + 4*p**2. Give n(f).
1
Let r(i) be the first derivative of -i**5/120 - 7*i**4/24 - i**3/3 + 1. Let y(s) be the third derivative of r(s). Let c = -12 - -7. Determine y(c).
-2
Let y = -4 + 6. Let m = -5 - -10. Let n(s) = -m + 4 + y*s - s. Give n(3).
2
Let f(o) be the second derivative of -o**4/12 + o**2 + o. Let t(h) = 3*h + 1. Let q = -2 + 1. Let a be t(q). Determine f(a).
-2
Suppose -2*h + 7 - 1 = 0. Let x(b) = b - 1. Let n be -3*(-3 + 16/6). Let j(p) = -4*p + 5. Let r(f) = n*j(f) + 6*x(f). Give r(h).
5
Let s be ((-42)/56)/(1/(-4)). Suppose s*p - 5*v - 15 = 2*p, 0 = 5*p - 4*v - 33. Let l(i) = i**2 - 5*i. Calculate l(p).
0
Let n(p) = p + 1. Let j(f) = -f - 6. Let u(w) = j(w) + 2*n(w). Let d be ((-12)/(-8))/((-1)/(-2)). Calculate u(d).
-1
Let h be (2*-1 + 0)*1. Let b(m) = -2 + 6*m**2 - 5*m**2 + m + 0*m**2 - m**3. What is b(h)?
8
Let r be (10/4)/(1/(-2)). Let z(f) = 7*f**2 - 2*f + 7. Let l(o) = -8*o**2 + 3*o - 8. Let t(n) = r*l(n) - 6*z(n). Let b = -5 + 3. What is t(b)?
-4
Let g(x) = x - 11. Let i = -6 + 15. Calculate g(i).
-2
Let z(k) = 204*k - 102*k - 3*k**2 + 2*k**3 + 0*k**2 - 103*k. Determine z(-2).
-26
Let i = 15 + -13. Let r(o) = -8*o**i - 3*o - o**3 - 3 - 5*o + o. Calculate r(-7).
-3
Let m(t) = -t**2 - t - 1. Let s(g) = -3*g**2 - 10*g + 3. Let y(v) = 4*m(v) - s(v). Let d be (-48)/(-9) - (-3)/(-9). Give y(d).
-2
Suppose -5 = -4*m + 3, 5*m = -a + 7. Let i(p) = 2*p**2 + 4*p + 4. Give i(a).
10
Let f(d) = -d**3 + d**2 + 2*d + 4. Let q(a) = -a**2 - 2*a - 5. Let t(i) = -4*f(i) - 3*q(i). Calculate t(-1).
-4
Let p(z) = z + 4*z**2 - z**3 - 6 + 3*z**2 - 5*z. What is p(6)?
6
Let j(l) be the second derivative of -3*l - 1/2*l**2 - 1/30*l**5 + 1/2*l**3 - 1/12*l**4 + 0. Let i(z) be the first derivative of j(z). Give i(2).
-9
Let q = -6 + 8. Let h(y) = 2*y - y - 2 - q*y. Let j be (-12)/(-2)*1/(-2). Determine h(j).
1
Let x(j) = j**3 - 2*j**2 + 2*j + 4. Let i(g) = -2*g**3 + 2*g**2 - 2*g - 5. Let h(a) = -a - 14. Let f be h(-12). Let o(d) = f*i(d) - 3*x(d). Give o(-3).
-5
Suppose 9*a - 15 = 4*a. Let q(x) = -4*x + 0*x**a + 2*x - 3*x**2 + 2*x**3 - 3*x**3. Give q(-3).
6
Let k(m) be the first derivative of -5/3*m**3 + 3*m + 1/4*m**4 + 5/2*m**2 - 1. What is k(4)?
7
Let v(h) = 2*h**2. Let l(u) = -u**3 - 10*u**2 + 11*u - 1. Let n be l(-11). Give v(n).
2
Let o be 3/(9 + (-3 - 0)). Let b(y) be the second derivative of 0 + 3/2*y**2 - 2*y + o*y**3 + 1/4*y**4. Determine b(-2).
9
Let k(o) = -o**3 + 6*o**2 + o - 4. Suppose 4*v - 42 = -3*v. Calculate k(v).
2
Let u(c) be the second derivative of -c**3/6 - c**2 + 6*c. Let i(g) = g**3 - 2*g**2 - g - 1. Let w be i(2). Give u(w).
1
Let o(q) = -q - 4. Let w(a) = -54 + 40 - 13*a - a**2 + 4*a. Let c be w(-8). Give o(c).
2
Let z(t) = -9*t + 4. Let k(v) = -8*v + 4. Let w(b) = 6*k(b) - 5*z(b). Calculate w(5).
-11
Suppose -j - 2 = 3*h, j - h = 2*j + 2. Let n(v) be the third derivative of -v**4/24 - 5*v**2. Determine n(j).
2
Let y(x) be the third derivative of -x**4/24 - 2*x**3/3 - x**2. Suppose -o = -6*o - 15. What is y(o)?
-1
Suppose -3*i + 14 = 4*l, 3*i + 8 = -2*l + 18. Let u(a) = 28*a - 11*a - 19*a + 2 - a**l. What is u(2)?
-6
Let q(w) be the first derivative of 1 + 0*w + 1/2*w**2. Let c = -2 - -6. Calculate q(c).
4
Let y(s) = 2*s*